*q + 1. Let i be r(-2). Let x(y) = y**3 - 20*y**2 - 12*y - 15. What is the hundreds digit of x(i)?
1
What is the units digit of 2/(-4)*0 + 89?
9
Let r be (12/15)/(2/30). Let h(y) = -y**2 + 14*y - 8. Let c be h(r). What is the units digit of c/56 - (-178)/14?
3
Let c = -8 - -9. Let p be -1*-3*c/(-3). What is the units digit of (-282)/(-9) + p/3?
1
What is the units digit of 4/((2/(-12))/((-23)/4))?
8
Let l = -335 + 72. Let v = l - -405. What is the units digit of v?
2
Suppose 167 = 2*n + 27. What is the units digit of n?
0
Let d(w) be the third derivative of w**6/720 + w**5/24 + w**4/12 - w**2. Let q(r) be the second derivative of d(r). What is the units digit of q(5)?
0
Suppose -3*s + 0*s + 111 = 4*k, -4*s - 4*k = -152. Suppose d - 32 = s. What is the tens digit of d?
7
Suppose 9*c + 58 = 184. Suppose -4*y - a + 32 = 0, 2*a = -0*a + 8. Let m = y + c. What is the units digit of m?
1
Suppose y - 25 = -4*y. Suppose 6 = -t + 50. Suppose -i = y*s - 2, i - 4*i = -4*s - t. What is the tens digit of i?
1
What is the tens digit of (1 - (-57)/(-51)) + 65059/289?
2
Let t be (24/10)/(8/160). Let k(r) = -57*r + t*r - r**3 - 4 + 11 + 9*r**2. What is the tens digit of k(6)?
6
Suppose 3*h + 5 = -4*v, -3*h + h - 2 = 4*v. Let z be ((3 - 3)/(-2))/v. Suppose z = -4*j + 2*j + 52. What is the units digit of j?
6
Let g(q) = 9*q + 1. Let d(i) = 22*i + 2. Let y(z) = -5*d(z) + 12*g(z). What is the units digit of y(-8)?
8
What is the tens digit of (1/3)/(6/5076*6)?
4
Suppose 8*f = 2*f + 930. Let d = f + -73. What is the tens digit of d?
8
Suppose s - 5*m = -6*m + 82, -4*s = -2*m - 346. What is the tens digit of s?
8
Let k = -28 - -29. Suppose -5 = 3*h + k. Let c(t) = -12*t - 1. What is the units digit of c(h)?
3
Suppose 0 = -3*k - 3*z + 6198, 0*k = k + 4*z - 2075. What is the hundreds digit of k?
0
Let r be (12/8)/(3/160). Let l = r + -30. What is the tens digit of l?
5
Suppose 2*s = 8, -2*s + 428 = 5*h - 2935. What is the tens digit of h?
7
Suppose 0 = m - 2*m + 7. What is the units digit of -3 - m/(4/152*-2)?
0
Let b be 34/(-4)*(6 + -4). Let c = b + 26. Suppose 16 = -4*l, 0 = y - 3*l - c - 5. What is the units digit of y?
2
Suppose -2*o + 7*o = 0. Suppose o*g + j = 2*g - 101, 2*j = g - 43. Let b = -31 + g. What is the units digit of b?
2
Let b = 825 + -818. What is the units digit of b?
7
Let u be 10/2*(-12)/(-20). Suppose 2*r = u*r - 99. Suppose -r = -4*s + s. What is the tens digit of s?
3
Let i = 106 - 47. Suppose 10*s = -118 - 102. Let o = s + i. What is the tens digit of o?
3
Let t(y) = -y + 1. Let i(v) = -20*v + 12. Let a(j) = i(j) + 2*t(j). Let g be a(-11). What is the units digit of (-4)/14 - g/(-14)?
8
Let u = -15 + 56. Let s = -32 + u. What is the units digit of s?
9
Let g be (-2)/3*4122/12. Let o = 453 + g. What is the hundreds digit of o?
2
Suppose 0 = 2*t - 542 - 1164. What is the hundreds digit of t?
8
Let o = -183 - -323. What is the units digit of o?
0
Let t(r) = 455*r + 146. What is the units digit of t(2)?
6
Let i(b) = 214*b**2 - b + 2. Let z be i(1). Let s = z + -136. What is the units digit of s?
9
Let m = -858 + 1779. What is the tens digit of m?
2
Suppose -5*w + 0*w = -1820. What is the hundreds digit of w?
3
Let o = -13 - -25. Suppose 5*w - o = w. What is the units digit of 12/9 + (-1)/w?
1
Suppose -k - k - 3*r - 35 = 0, 4*r = -4*k - 60. What is the tens digit of ((-1755)/(-52))/(k/16 - -1)?
9
Suppose 10760 = 5*i + 5*q, 0 = -5*i - 0*q - 2*q + 10760. What is the thousands digit of i?
2
Let l = 1680 - 954. What is the hundreds digit of l?
7
Let q(x) = -x**2 - 13*x - 5. Let u(c) = 2*c - 9. Let r be u(0). What is the units digit of q(r)?
1
Let k(u) = 2*u**2 - 5*u - 10. Let t be k(8). Suppose t = 6*d - 0*d. What is the tens digit of d?
1
Suppose 0 = -10*g + 2523 + 2487. What is the tens digit of g?
0
Let i(q) = 4*q**3 + 3*q**2 - 2*q - 1 + 2*q**2 - 4*q**2 + q**2. Let s be i(-2). What is the tens digit of (-1 + s)*4/(-8)?
1
Let c(z) = 11*z**2 - 7*z + 2. Let b be c(7). Suppose -b = -6*k + 18. What is the units digit of k?
5
Suppose -19*l + 16609 = -14*l - 2*c, 0 = l + c - 3326. What is the hundreds digit of l?
3
Suppose 2 = 2*i - 0. Let u be (i + -1)/(8/(-4)). Suppose 2 + u = 2*l. What is the units digit of l?
1
Let y(t) = -3*t**3 - 2*t**2 + 2*t - 125. Let p(i) = -5*i**3 - 3*i**2 + 3*i - 188. Let w(g) = 5*p(g) - 8*y(g). What is the tens digit of w(0)?
6
What is the hundreds digit of (-6682)/(-16) + ((-63)/24 - -3)?
4
Suppose 119*f = 122*f - 465. What is the tens digit of f?
5
Suppose 94 = 4*u - 134. Suppose -4*b + 3*y + 87 = -0*b, -5*y = -3*b + u. What is the units digit of b?
4
Let d(v) be the second derivative of -v**3/3 - 5*v**2/2 - 2*v. Let z be d(-6). Suppose -2*c + z*c = 115. What is the tens digit of c?
2
Suppose 2*q - 3*f - 580 = 765, 4*f = -2*q + 1380. What is the tens digit of q?
8
Let f be (8/12*-9)/2 + 18. Suppose 10*z + 310 = f*z. What is the tens digit of z?
6
Suppose 4*v + 107*u - 111*u = 5796, -6 = 2*u. What is the hundreds digit of v?
4
Suppose -8*p + 13*p = -15. What is the tens digit of (1/p)/((-10)/2070)?
6
Let u(a) = a**3 - 4*a**2 + 5*a - 3. Let l be 6 - 3 - -3 - 3. Let f be u(l). Suppose -55 = -2*q - f*q. What is the units digit of q?
1
Let k(x) = -4*x - 6. Let d be k(-3). Let y(g) = g**3 - 4*g**2 - 2*g - 14. What is the units digit of y(d)?
6
Suppose 20*u + 10 = 25*u. Suppose 2*v + v = -93. What is the tens digit of 2 - ((u - 2) + v)?
3
Let w(f) = f**2 + 8*f - 6. Let c(g) = 6 + g**2 + 11*g**3 + 1 - 8. Let l be c(-1). What is the units digit of w(l)?
7
Suppose -g + 13 - 10 = 0. Let d(x) be the second derivative of 2*x**3/3 - 3*x**2/2 - 2*x. What is the units digit of d(g)?
9
Suppose j - 1214 = -v - 4*v, -j - 2*v + 1205 = 0. What is the hundreds digit of j?
1
Suppose 6*r + 68 = 5*d + 7*r, 3*r - 50 = -4*d. What is the tens digit of 4/d + ((-6030)/(-35))/6?
2
Let a(j) = 178*j**2 + 4*j + 4. What is the tens digit of a(-1)?
7
Suppose 421 = o - c, 1140 = 2*o + 2*c + 290. What is the units digit of o?
3
Let q be (3/6*0)/(-4 - -3). Suppose q = -77*a + 75*a + 280. What is the tens digit of a?
4
Let k(w) = 40*w**2 - 7*w + 7. What is the tens digit of k(3)?
4
Let b(o) = -3*o**3 + 3*o**2 - 5*o - 22. What is the hundreds digit of b(-5)?
4
Let t(r) = 3*r**2 - 2*r + 3*r + 9 - 11*r. What is the units digit of t(6)?
7
Let j(r) = -r**2 - 3*r + 805. What is the tens digit of j(0)?
0
Suppose 11*d = -8*d + 11286. What is the tens digit of d?
9
Let n = 167 + -53. What is the hundreds digit of n?
1
Suppose -5*j - 2*k = -1286, 4*k - k = j - 264. What is the tens digit of j?
5
Suppose -2*g - 4*p = -5*g + 3290, 3289 = 3*g - 5*p. What is the units digit of g?
8
Suppose 0 = -7*h + 4*h + 96. Suppose -3*s = -2*w - s + h, 2*s = 5*w - 77. What is the tens digit of w?
1
Let t(d) = -25*d + 25. What is the tens digit of t(-7)?
0
Let b = 288 + 567. What is the tens digit of b?
5
Let l be (-2)/(-7)*(15 - 1). Suppose 0 = l*w - w. Suppose 0 = 3*u + 4*o - 68, -u + 3*o + 13 + 27 = w. What is the units digit of u?
8
Let l be -1*(10*-2)/4. Suppose l*q + 29 = 3*o - o, 5*o - q - 61 = 0. Let k = o - -2. What is the tens digit of k?
1
Let u = 1830 - 799. What is the thousands digit of u?
1
Suppose 3083 = 2*x + 103*a - 98*a, -4*a - 3110 = -2*x. What is the units digit of x?
9
Let i(u) = u - 13. Let o(z) = -1. Let l(h) = -i(h) + 2*o(h). Let b be (-18)/(-126) + (-156)/14. What is the tens digit of l(b)?
2
Let h = 3056 - 291. What is the tens digit of h?
6
Suppose 0 = 5*j + 15, 5*v - 2*j = 3*v + 172. Let d = v - 45. What is the tens digit of d?
3
Let i(q) = 14*q**2 - 7*q - 9. Let m be i(-4). What is the units digit of m/(-9)*2/(-3)?
8
Let v be (-6)/(-14) - 45/7. What is the tens digit of (-76)/v*3/2?
1
Let n(x) = x**3 + 15*x**2 + 4*x - 18. What is the hundreds digit of n(-8)?
3
Suppose -7*i - 3885 = -14*i. What is the tens digit of i?
5
Let r(i) = 37*i + 36. What is the units digit of r(4)?
4
Let l(g) = 39*g - 52. What is the tens digit of l(19)?
8
Suppose 2*w + 870 = 7*w. Let j = w + -103. Suppose 3*x + 11 = j. What is the units digit of x?
0
Suppose 2*t - 3850 = -3*y, 2*y - 4856 = 5*t - 14481. What is the hundreds digit of t?
9
Let q(r) = -2*r + 8. Let s be q(14). What is the units digit of (-5)/s + 39/4?
0
Let d = -75 + 129. What is the units digit of d?
4
Suppose 2192 = -3